d + 48237 = -d - p. What is the units digit of d?
8
Suppose -k + 11701 = 5*g, -9*g - 3*k = -12*g + 6999. What is the hundreds digit of g?
3
Let r(w) = 96*w**2 - 60*w - 46. What is the hundreds digit of r(6)?
0
Let r(a) = 21*a**2 + 4*a - 3. Let d = -41 - -42. Let o be (8 + -10)*(-1)/d. What is the tens digit of r(o)?
8
Let k = 27117 + -17827. What is the hundreds digit of k?
2
Let i(b) = 5*b**3 + 108*b**2 + 191*b - 246. Let a(m) = -2*m**3 - 36*m**2 - 64*m + 82. Let k(q) = 8*a(q) + 3*i(q). What is the hundreds digit of k(37)?
8
Suppose 0 = -38*b + 23*b - 5640. What is the tens digit of b/(-5)*(24 - 12 - 7)?
7
Let n(k) = -17*k - 70. Suppose 3*d - 6 + 35 = -t, 0 = -4*t + 2*d - 158. What is the units digit of n(t)?
6
Suppose -k + 59822 = 3*m + 15723, -4*k + 14696 = m. What is the units digit of m?
0
Let l(z) = -7*z**3 - 12*z**2 - 22*z - 53. What is the hundreds digit of l(-11)?
0
Let p(g) = 13*g - 5. Let w be p(4). Let o = 40 - w. Let c(q) = q**2 - 3*q + 11. What is the tens digit of c(o)?
8
Let r = -4317 - -9042. What is the units digit of ((-24)/(-10))/((-15)/(r/(-14)))?
4
What is the units digit of -113*9/63*7*-107?
1
Let g(p) = p**3 + 86*p**2 + 330*p + 91. What is the hundreds digit of g(-72)?
9
Let l = 177 - 183. What is the hundreds digit of (2/(-1) - l) + (3 - -515)?
5
Let d(k) = -17 + 84*k - 86*k - 2. Let u be d(-11). Suppose 0 = -u*c + 3*z - 4*z + 113, 4*c - 124 = 4*z. What is the units digit of c?
6
Let z(b) = -10*b**2 + 25*b**2 - 11 + 4*b**3 + b + 12*b - 3*b**3. Let g be z(-14). What is the units digit of (3 + (-10)/g)/((-5)/555)?
7
Let h = 295 + -286. Let r(n) = 57*n - 4. What is the units digit of r(h)?
9
Suppose 85*m = 58*m + 135540. What is the hundreds digit of m?
0
Let m(w) = w**2 + 5*w. Let t be m(-6). Let q(d) = d**3 + 172*d**2 + 507*d + 27. Let j be q(-169). What is the hundreds digit of j/6*-1*(-172)/t?
1
What is the thousands digit of 21670 - (((-20)/15)/((-8)/36) - 2)?
1
Suppose 3*d - 4654 = -q, 23335 = 5*q + 29*d - 27*d. What is the units digit of q?
9
What is the hundreds digit of 56685/(-6)*(3/(-9))/((-20)/(-240))?
7
Suppose -18*d + 253742 + 8914 = 0. What is the thousands digit of d?
4
Suppose 0 = -2*v - 5*b - 1 - 2, -b = 3*v + 24. Let k(h) = 11*h - 8 - 29*h - 4 - 4 - 1. What is the hundreds digit of k(v)?
1
Suppose 4*f + 2*y - 629 = 93, -3*f = 2*y - 540. What is the units digit of f?
2
Suppose -226*v + 210*v = -253568. What is the tens digit of v?
4
Let c be 2 + (-5)/2 - 18920/(-16). Suppose c = -7*w + 4752. What is the units digit of w?
0
Let y(x) = -1699*x - 18. Let c be y(-6). Suppose 5*v - 21*v = -c. What is the hundreds digit of v?
6
Suppose 0 = 2*g - 3*q + 81, -4*g - 70 = q + 57. What is the units digit of (-11)/(g/(-9)) + 870?
7
Let z = 16599 - 9459. What is the thousands digit of z?
7
Let d be 9/(-63) - -20*(-57)/(-42). Suppose -4*z + d = 5*m - 10*m, 0 = -z - 3*m - 6. What is the units digit of z?
3
Suppose -79526 = 3*x + k - 321360, -4*x + 4*k + 322488 = 0. What is the units digit of x?
4
Let r = 660 + 1486. What is the thousands digit of r?
2
What is the ten thousands digit of (6/8)/(4*(-4)/(-230720))?
1
Suppose -j - 3 = -5. Suppose 8*v = 2*v + 30. Suppose -j*l + 5*g = 3*l - 1000, -l - v*g + 170 = 0. What is the tens digit of l?
9
Suppose 0 = -2*z + 5*r - 9, 15 = 5*z - 3*z + 3*r. What is the units digit of (5 + z)*35 + 2 + 1?
3
Let a be 9 + (1*5)/(2 - 1). Suppose -5*z - 8217 = -a*z. What is the tens digit of z?
1
Let b = 33827 - 18589. What is the thousands digit of b?
5
Suppose 53*w + 84 = 59*w. What is the tens digit of w/18*-12*(-15)/2?
7
Let i(j) = -j - 13. Let v be i(-4). Let c be 1/(3/v*-1). Suppose -2*x = -c*p - 230, -3*x + 4*x + 5*p - 102 = 0. What is the units digit of x?
2
Suppose 12*t - 8 = 10*t. Let z be (-126)/36*t/(1 + -3). Suppose 3*x + 20 = z*x. What is the units digit of x?
5
Let j be ((2 - 2)/(-2))/(3/(-3)). Suppose -4*z + 4*l = j, 0 = 4*z - 0*l + 5*l - 45. Suppose b - 4*b + 96 = 3*h, -z*b = 2*h - 160. What is the tens digit of b?
3
Let v = -32780 + 45980. What is the tens digit of v?
0
Let k = -9 - -12. Suppose -7*h + 5*h + g + 172 = 0, 257 = k*h - 2*g. Suppose -j + 41 = y, -h - 22 = -3*j + 4*y. What is the units digit of j?
9
Suppose 75*y - 4784 = 74*y - 2*l, 0 = -2*y - l + 9568. What is the tens digit of y?
8
Suppose 0 = -3*o + 5*n + 2944, -4*o - 19*n = -20*n - 3931. Suppose 45*a - 41*a - 20 = 0, -y = -5*a - o. What is the hundreds digit of y?
0
Suppose 7261 = 17*m - 8005. Let g = -465 + m. What is the units digit of g?
3
Let y(l) = -l**3 + 4*l**2 - 5*l - 1. Let w be y(4). Let p(t) be the third derivative of -t**4/2 - 4*t**3/3 - 14*t**2 - 20*t. What is the hundreds digit of p(w)?
2
What is the thousands digit of ((-126)/147 + 100514/42)/(1/3)?
7
Suppose 0 = -58*z + 53*z + 3250. Let g = z + 217. What is the units digit of g?
7
Let x = -37 - -29. Let s(l) = 9*l**2 + 4*l - 10. What is the hundreds digit of s(x)?
5
Suppose 28*i + 37*i - 13650 = 0. Let w = 697 + i. What is the units digit of w?
7
Let j(y) = 4*y**2 - 10*y - 8. Suppose -9*g + 55 = -20*g. What is the hundreds digit of j(g)?
1
Suppose 1074802 + 367432 = 542*x - 1046630. What is the tens digit of x?
9
Suppose -40 = -4*h - 0*h. Suppose -h*w - 77 = 73. What is the units digit of ((-18)/w)/(18/15 - 1)?
6
Suppose 36629 = 4*l + y + 5993, -3*l + 2*y = -22988. What is the tens digit of l?
6
Suppose -5*o + 352 = -478. Suppose 215*s = 227*s - 36. Suppose 0 = -s*l - 4 + o. What is the tens digit of l?
5
Let q(c) = -5*c**3 - 12*c**2 - 22*c - 441. What is the thousands digit of q(-12)?
6
Let y be 12/18 - (-2)/(-3). Let f(z) = -z**3 + 3*z + 6. Let k be f(y). Suppose -k*x - 114 = -8*x. What is the units digit of x?
7
Let v = -5334 - -9407. What is the tens digit of v?
7
What is the ten thousands digit of (((-4640)/(-29))/(-5))/(4/(-6766))?
5
Let b(n) = 39*n + 3. Let h(g) = 41*g - 1. Let m(c) = 3*b(c) - 4*h(c). Suppose v + 1 + 2 = 0. What is the units digit of m(v)?
4
Suppose c = 7*h + 1328, 15*c - 17*c + 2692 = 4*h. What is the units digit of c?
2
Let o = -72664 - -102522. What is the thousands digit of o?
9
What is the tens digit of (2 - -3076)*(-19)/(285/(-20))?
0
Suppose 5*s = 3*s + 276. Let l = s - -157. What is the tens digit of l?
9
Let x(f) = f**2 - 75*f - 2564. What is the thousands digit of x(-141)?
7
Suppose -b + 37 = -5*q - 12, -3 = 3*b. Let c(l) = l**3 + 10*l**2 - 8*l + 30. What is the units digit of c(q)?
0
Let m(v) = 503*v**2 + 123*v + 819. What is the hundreds digit of m(-6)?
1
Let z = 175 - 177. What is the hundreds digit of (-10)/z - 665/(-5)?
1
Suppose 2*k = 5*h + 7101, -17*k + 3*h - 3567 = -18*k. What is the thousands digit of k?
3
Let g = -29 - -33. Let s be 2*(4 - (-9 + 4 + g)). Suppose -14*i + s*i + 676 = 0. What is the units digit of i?
9
Suppose 3*w + 2*z - 1170 = 0, 1556 = -155*w + 159*w + 4*z. What is the units digit of w?
2
Let u(m) = -4*m - 2. Let q be u(12). Let z = q + 53. What is the units digit of (70/z)/7*19*3?
0
Let s(c) = 13*c - 19. Let h be s(2). What is the hundreds digit of -3 + 0 + h + 165?
1
Suppose 5*p + 35 = -5*l, 0 = -4*l - 2*p - 20 - 18. What is the hundreds digit of (2460/(-54)*6)/(8/l)?
4
Let g(a) = -a**3 - 3*a**2 + 2*a - 6. Let m be g(-4). Let o be (-8)/(-5) + m - 10/(-25). Suppose o*b + 0*b = 112. What is the tens digit of b?
2
Let o(q) = 14*q**2 - 6*q + 9. Let b be ((-2)/(-5))/((-8)/(-60)). What is the tens digit of o(b)?
1
Suppose 0 = 60*u - 519*u + 17452384 - 189394. What is the hundreds digit of u?
6
Suppose -4*t = -3*t - 221. Suppose -5*c = -819 - t. Suppose -5*w + 239 + 177 = 4*u, 2*u = 4*w + c. What is the units digit of u?
4
Suppose 0 = 31*s - 17*s - 39788. Let a = s + -1780. What is the tens digit of a?
6
Suppose 0 = -2*z - 3*o + 2*o + 17, 0 = -4*o - 4. Let g(f) = 27*f - 39. What is the tens digit of g(z)?
0
Suppose 0 = 4*p + d - 163803, 4*p - 4*d - 118355 - 45453 = 0. What is the units digit of p?
1
Let q(n) be the third derivative of 13*n**5/60 - n**4/6 + 2*n**3/3 - 26*n**2. Let l be q(2). Suppose -l = j - 51. What is the units digit of j?
3
Let t be 11 - -40 - -4*2/(-4). Let k = -98 + t. Let h = 155 + k. What is the units digit of h?
6
Let n(q) = 26*q**2 + 12*q - 14. Let g(t) = -28*t**2 - 11*t + 14. Let f(d) = -5*g(d) - 4*n(d). What is the hundreds digit of f(-4)?
5
Let q = 186 - 190